{"id":351,"date":"2019-08-27T13:00:30","date_gmt":"2019-08-27T11:00:30","guid":{"rendered":"http:\/\/microkine-claude.be\/?page_id=351"},"modified":"2020-02-07T10:27:12","modified_gmt":"2020-02-07T09:27:12","slug":"apres-la-seance","status":"publish","type":"page","link":"https:\/\/microkine-claude.be\/index.php\/apres-la-seance\/","title":{"rendered":"Apr\u00e8s la s\u00e9ance ?"},"content":{"rendered":"\n<p>Souvent une impression de fatigue se manifeste dans les deux premiers jours qui suivent la s\u00e9ance ; les corrections se mettent en place et sollicitent de l&rsquo;\u00e9nergie. Mieux vaut donc pr\u00e9voir du temps pour se reposer ou en tout cas ne pas pr\u00e9voir d&rsquo;activit\u00e9s astreignantes. Chez les enfants, l&rsquo;effet inverse peut se manifester mais c&rsquo;est beaucoup plus rare. <\/p>\n\n\n\n<p>Boire suffisamment d&rsquo;eau aide le corps \u00e0 \u00e9vacuer les \u00e9ventuels r\u00e9sidus toxiques et\/ou hormonaux lib\u00e9r\u00e9s par les tissus. <\/p>\n\n\n\n<p>La microkin\u00e9sith\u00e9rapie agissant sur plusieurs niveaux et pas uniquement sur les sympt\u00f4mes ayant amen\u00e9 le patient \u00e0 consulter, les r\u00e9sultats peuvent diff\u00e9rer de ceux escompt\u00e9s. Les l\u00e9sions anciennes ou profond\u00e9ment ancr\u00e9es dans l&rsquo;individu ne pourront \u00eatre atteintes qu&rsquo;une fois les maux superficiels trait\u00e9s. Dans ces cas de figure il convient de planifier une deuxi\u00e8me s\u00e9ance. Chez les enfants, les l\u00e9sions profondes sont peu fr\u00e9quentes, et la seconde s\u00e9ance est rarement n\u00e9cessaire.\n\n\n\n<p>Si les effets sur le syst\u00e8me digestif et le sommeil se manifestent rapidement, les r\u00e9sultats de fond mettent plus de temps pour se mettre en place. On recommande d&rsquo;attendre environ un mois avant d&rsquo;effectuer un premier bilan. <\/p>\n\n\n\n<p>Les manifestations des corrections diff\u00e8rent selon les individus. Outre une impression de fatigue et de lib\u00e9ration, les patients rapportent des \u00e9motions inattendues, des remises en question, des souvenirs anciens qui refont surface, etc. Il est important de ne pas s&rsquo;y attarder ! Il ne s&rsquo;agit que d&rsquo;informations fugaces attestant d&rsquo;une lib\u00e9ration tissulaire. Les ressasser peut les inciter \u00e0 rester&#8230;  Une fois cette petite temp\u00eate \u00e9motionnelle pass\u00e9e, l&rsquo;esprit et le corps retrouvent un nouvel \u00e9quilibre. <\/p>\n\n\n\n<p>Ces r\u00e9actions ne sont pas syst\u00e9matiques. Les corrections peuvent \u00e9galement prendre place de mani\u00e8re beaucoup plus harmonieuse, sans \u00ab\u00a0effet rebond\u00a0\u00bb (augmentation temporaire des sympt\u00f4mes).<\/p>\n","protected":false},"excerpt":{"rendered":"<p>Souvent une impression de fatigue se manifeste dans les deux premiers jours qui suivent la s\u00e9ance ; les corrections se mettent en place et sollicitent de l&rsquo;\u00e9nergie. Mieux vaut donc pr\u00e9voir du temps pour se reposer ou en tout cas ne pas pr\u00e9voir d&rsquo;activit\u00e9s astreignantes. Chez les enfants, l&rsquo;effet inverse peut se manifester mais c&rsquo;est [&hellip;]<\/p>\n","protected":false},"author":1,"featured_media":0,"parent":0,"menu_order":0,"comment_status":"closed","ping_status":"closed","template":"","meta":{"footnotes":""},"_links":{"self":[{"href":"https:\/\/microkine-claude.be\/index.php\/wp-json\/wp\/v2\/pages\/351"}],"collection":[{"href":"https:\/\/microkine-claude.be\/index.php\/wp-json\/wp\/v2\/pages"}],"about":[{"href":"https:\/\/microkine-claude.be\/index.php\/wp-json\/wp\/v2\/types\/page"}],"author":[{"embeddable":true,"href":"https:\/\/microkine-claude.be\/index.php\/wp-json\/wp\/v2\/users\/1"}],"replies":[{"embeddable":true,"href":"https:\/\/microkine-claude.be\/index.php\/wp-json\/wp\/v2\/comments?post=351"}],"version-history":[{"count":3,"href":"https:\/\/microkine-claude.be\/index.php\/wp-json\/wp\/v2\/pages\/351\/revisions"}],"predecessor-version":[{"id":408,"href":"https:\/\/microkine-claude.be\/index.php\/wp-json\/wp\/v2\/pages\/351\/revisions\/408"}],"wp:attachment":[{"href":"https:\/\/microkine-claude.be\/index.php\/wp-json\/wp\/v2\/media?parent=351"}],"curies":[{"name":"wp","href":"https:\/\/api.w.org\/{rel}","templated":true}]}}

Après la séance ?

<p>Souvent une impression de fatigue se manifeste dans les deux premiers jours qui suivent la séance ; les corrections se mettent en place et sollicitent de l&rsquo;énergie. Mieux vaut donc prévoir du temps pour se reposer ou en tout cas ne pas prévoir d&rsquo;activités astreignantes. Chez les enfants, l&rsquo;effet inverse peut se manifester mais c&rsquo;est beaucoup plus rare. </p>



<p>Boire suffisamment d&rsquo;eau aide le corps à évacuer les éventuels résidus toxiques et/ou hormonaux libérés par les tissus. </p>



<p>La microkinésithérapie agissant sur plusieurs niveaux et pas uniquement sur les symptômes ayant amené le patient à consulter, les résultats peuvent différer de ceux escomptés. Les lésions anciennes ou profondément ancrées dans l&rsquo;individu ne pourront être atteintes qu&rsquo;une fois les maux superficiels traités. Dans ces cas de figure il convient de planifier une deuxième séance. Chez les enfants, les lésions profondes sont peu fréquentes, et la seconde séance est rarement nécessaire.



<p>Si les effets sur le système digestif et le sommeil se manifestent rapidement, les résultats de fond mettent plus de temps pour se mettre en place. On recommande d&rsquo;attendre environ un mois avant d&rsquo;effectuer un premier bilan. </p>



<p>Les manifestations des corrections diffèrent selon les individus. Outre une impression de fatigue et de libération, les patients rapportent des émotions inattendues, des remises en question, des souvenirs anciens qui refont surface, etc. Il est important de ne pas s&rsquo;y attarder ! Il ne s&rsquo;agit que d&rsquo;informations fugaces attestant d&rsquo;une libération tissulaire. Les ressasser peut les inciter à rester&#8230;  Une fois cette petite tempête émotionnelle passée, l&rsquo;esprit et le corps retrouvent un nouvel équilibre. </p>



<p>Ces réactions ne sont pas systématiques. Les corrections peuvent également prendre place de manière beaucoup plus harmonieuse, sans « effet rebond » (augmentation temporaire des symptômes).</p>

<p>Souvent une impression de fatigue se manifeste dans les deux premiers jours qui suivent la séance ; les corrections se mettent en place et sollicitent de l&rsquo;énergie. Mieux vaut donc prévoir du temps pour se reposer ou en tout cas ne pas prévoir d&rsquo;activités astreignantes. Chez les enfants, l&rsquo;effet inverse peut se manifester mais c&rsquo;est [&hellip;]</p>
